ded by 71013?
150
Calculate the remainder when 16010 is divided by 1994.
58
Calculate the remainder when 215300 is divided by 43058.
10
Calculate the remainder when 367993 is divided by 293.
278
Calculate the remainder when 163364 is divided by 54450.
14
Calculate the remainder when 160836 is divided by 78669.
3498
What is the remainder when 111579 is divided by 8574?
117
Calculate the remainder when 2584405 is divided by 430728.
37
Calculate the remainder when 428545 is divided by 812.
621
What is the remainder when 357970 is divided by 1281?
571
What is the remainder when 1756596 is divided by 555?
21
Calculate the remainder when 640258980 is divided by 10594.
10590
Calculate the remainder when 486757396 is divided by 25618810.
6
What is the remainder when 401234 is divided by 97?
42
Calculate the remainder when 6362 is divided by 5977.
385
Calculate the remainder when 792765 is divided by 363.
336
Calculate the remainder when 2606462 is divided by 4308.
122
What is the remainder when 958755 is divided by 27387?
210
Calculate the remainder when 4933517 is divided by 493349.
27
What is the remainder when 54036197 is divided by 51?
14
What is the remainder when 232066 is divided by 46075?
1691
What is the remainder when 3032328 is divided by 3139?
54
Calculate the remainder when 1191420 is divided by 6440.
20
Calculate the remainder when 45176 is divided by 2725.
1576
Calculate the remainder when 516109 is divided by 70.
69
Calculate the remainder when 457203 is divided by 258.
27
What is the remainder when 30231751 is divided by 36?
31
Calculate the remainder when 2975219 is divided by 24.
11
Calculate the remainder when 1631033 is divided by 85842.
35
Calculate the remainder when 18440620 is divided by 19.
18
Calculate the remainder when 295783 is divided by 484.
59
Calculate the remainder when 91685 is divided by 39.
35
Calculate the remainder when 157293 is divided by 637.
591
What is the remainder when 813873 is divided by 1256?
1241
Calculate the remainder when 95422597 is divided by 31807531.
4
Calculate the remainder when 1168422 is divided by 96.
6
Calculate the remainder when 2494883 is divided by 57.
50
What is the remainder when 812529311 is divided by 12?
11
Calculate the remainder when 815373 is divided by 146.
109
What is the remainder when 12146258 is divided by 1502?
1086
What is the remainder when 840605 is divided by 115?
70
What is the remainder when 123258 is divided by 1709?
210
What is the remainder when 865114 is divided by 144180?
34
What is the remainder when 805516177 is divided by 19?
5
Calculate the remainder when 2429477 is divided by 186882.
11
Calculate the remainder when 495478 is divided by 6508.
870
Calculate the remainder when 195792 is divided by 19334.
2452
What is the remainder when 11289282 is divided by 35?
32
Calculate the remainder when 17596250 is divided by 484.
430
Calculate the remainder when 7538967 is divided by 6314.
51
What is the remainder when 334269 is divided by 30387?
12
What is the remainder when 696769 is divided by 317?
3
Calculate the remainder when 3537 is divided by 2771.
766
What is the remainder when 94647521 is divided by 47323753?
15
Calculate the remainder when 2494564 is divided by 113389.
6
Calculate the remainder when 64524 is divided by 31188.
2148
What is the remainder when 5292669 is divided by 882098?
81
What is the remainder when 30191 is divided by 3589?
1479
Calculate the remainder when 254347 is divided by 6410.
4357
Calculate the remainder when 6300 is divided by 515.
120
Calculate the remainder when 30114 is divided by 235.
34
What is the remainder when 6619527 is divided by 466?
463
What is the remainder when 4252283 is divided by 708709?
29
Calculate the remainder when 29256 is divided by 9292.
1380
Calculate the remainder when 349147 is divided by 2822.
2041
Calculate the remainder when 3676231 is divided by 63.
55
What is the remainder when 12345261 is divided by 144?
141
What is the remainder when 17963077 is divided by 3769?
23
Calculate the remainder when 45604828 is divided by 5067202.
10
What is the remainder when 2572365 is divided by 4?
1
What is the remainder when 5994 is divided by 2736?
522
What is the remainder when 54625714 is divided by 5613?
5611
Calculate the remainder when 73524 is divided by 217.
178
What is the remainder when 130957 is divided by 1195?
702
What is the remainder when 134407 is divided by 7783?
2096
What is the remainder when 26337 is divided by 629?
548
Calculate the remainder when 216152 is divided by 215474.
678
Calculate the remainder when 5393892 is divided by 35.
7
Calculate the remainder when 5085786 is divided by 2542805.
176
What is the remainder when 13084 is divided by 3188?
332
What is the remainder when 10305897 is divided by 57?
12
What is the remainder when 3915255 is divided by 2738?
2653
Calculate the remainder when 2834 is divided by 2256.
578
What is the remainder when 3144932 is divided by 1048302?
26
What is the remainder when 2106608 is divided by 7745?
7713
Calculate the remainder when 82943 is divided by 11836.
91
What is the remainder when 182937534 is divided by 67?
64
Calculate the remainder when 3346925 is divided by 1115142.
1499
What is the remainder when 2017082 is divided by 1675?
382
Calculate the remainder when 126379894 is divided by 14.
4
Calculate the remainder when 659480 is divided by 38782.
186
What is the remainder when 908551 is divided by 242?
83
What is the remainder when 378659 is divided by 63102?
47
What is the remainder when 106889182 is divided by 181?
175
Calculate the remainder when 254186 is divided by 310.
296
Calculate the remainder when 74858085 is divided by 1713.
1698
What is the remainder when 13425527 is divided by 203414?
203
What is the remainder when 70217243 is divided by 956?
955
What is the remainder when 32053 is divided by 5318?
145
Calculate the remainder when 5403942 is divided by 450326.
30
Calculate the remainder when 20917267 is divided by 824.
27
What is the remainder when 12943224 is divided by 3908?
3836
Calculate the remainder when 3598530 is divided by 250.
30
Calculate the remainder when 246730 is divided by 314.
240
What is the remainder when 83408129 is divided by 1157?
1156
What is the remainder when 154187 is divided by 38527?
79
Calculate the remainder when 24146801 is divided by 105907.
5
What is the remainder when 5875866 is divided by 489654?
18
What is the remainder when 8099179 is divided by 8099168?
11
Calculate the remainder when 5814090 is divided by 563.
552
What is the remainder when 22971 is divided by 4371?
1116
What is the remainder when 7922123 is divided by 1985?
1973
What is the remainder when 12332 is divided by 941?
99
Calculate the remainder when 143104 is divided by 35699.
308
What is the remainder when 9774 is divided by 2711?
1641
What is the remainder when 1753370 is divided by 2043?
476
What is the remainder when 486902 is divided by 11874?
68
Calculate the remainder when 233933 is divided by 6321.
56
Calculate the remainder when 27906 is divided by 4809.
3861
Calculate the remainder when 42990203 is divided by 5980.
5963
Calculate the remainder when 275866 is divided by 134980.
5906
What is the remainder when 8920909 is divided by 40?
29
Calculate the remainder when 19839 is divided by 443.
347
Calculate the remainder when 39675237 is divided by 1032.
1029
What is the remainder when 12849 is divided by 1739?
676
What is the remainder when 1204202 is divided by 362?
190
What is the remainder when 39832 is divided by 3311?
100
What is the remainder when 66209 is divided by 12939?
1514
Calculate the remainder when 10726723 is divided by 958.
955
Calculate the remainder when 36624659 is divided by 2019.
2018
What is the remainder when 148584819 is divided by 51?
42
What is the remainder when 70125611 is divided by 2721?
2720
What is the remainder when 1995052 is divided by 470?
372
What is the remainder when 22317 is divided by 10691?
935
Calculate the remainder when 8275659 is divided by 16.
11
What is the remainder when 8243721 is divided by 907?
905
Calculate the remainder when 62779108 is divided by 30.
28
Calculate the remainder when 34191 is divided by 470.
351
What is the remainder when 2403153 is divided by 42912?